alculate the highest common divisor of 34 and 323.
17
What is the greatest common divisor of 338 and 104?
26
Calculate the highest common divisor of 820 and 140.
20
What is the highest common factor of 10 and 80?
10
What is the greatest common factor of 104 and 364?
52
Calculate the greatest common factor of 1054 and 496.
62
Calculate the highest common factor of 126 and 441.
63
What is the highest common factor of 14569 and 17?
17
What is the greatest common divisor of 55 and 13310?
55
Calculate the greatest common factor of 1554 and 945.
21
Calculate the highest common factor of 85 and 578.
17
What is the greatest common divisor of 11 and 1859?
11
What is the highest common divisor of 356 and 801?
89
Calculate the greatest common factor of 429 and 33.
33
Calculate the highest common divisor of 1024 and 16.
16
What is the greatest common factor of 300 and 48?
12
What is the greatest common divisor of 16587 and 190?
19
Calculate the greatest common divisor of 36 and 132.
12
What is the highest common divisor of 45 and 162?
9
What is the greatest common factor of 6 and 102?
6
Calculate the greatest common factor of 8721 and 51.
51
What is the highest common divisor of 147 and 336?
21
What is the greatest common divisor of 255 and 340?
85
What is the greatest common factor of 6 and 66?
6
Calculate the greatest common factor of 923 and 284.
71
Calculate the highest common divisor of 49 and 2.
1
Calculate the greatest common divisor of 1292 and 114.
38
What is the highest common factor of 3 and 339?
3
Calculate the greatest common factor of 1 and 831.
1
What is the highest common divisor of 2662 and 1936?
242
Calculate the highest common factor of 361 and 38.
19
Calculate the greatest common divisor of 41 and 12505.
41
Calculate the greatest common factor of 9480 and 48.
24
Calculate the greatest common factor of 96 and 8.
8
What is the highest common divisor of 434 and 3968?
62
What is the highest common divisor of 48 and 13116?
12
Calculate the greatest common divisor of 710 and 284.
142
Calculate the greatest common divisor of 750 and 246.
6
Calculate the highest common factor of 48951 and 196.
49
What is the highest common factor of 2025 and 120?
15
What is the highest common factor of 672 and 21?
21
What is the highest common factor of 1452 and 12?
12
What is the highest common factor of 1334 and 812?
58
What is the greatest common divisor of 365 and 9052?
73
What is the highest common factor of 6 and 2358?
6
What is the greatest common divisor of 1878 and 114?
6
Calculate the greatest common divisor of 165 and 110.
55
What is the greatest common divisor of 30 and 795?
15
Calculate the highest common factor of 124 and 310.
62
What is the highest common factor of 5070 and 1040?
130
Calculate the highest common factor of 266 and 182.
14
What is the highest common factor of 34 and 70?
2
What is the highest common divisor of 1507 and 341?
11
Calculate the greatest common divisor of 39 and 14313.
39
What is the highest common factor of 365 and 5?
5
What is the greatest common factor of 12 and 206?
2
Calculate the highest common divisor of 14 and 1108.
2
What is the highest common factor of 268 and 8?
4
What is the greatest common factor of 18 and 306?
18
Calculate the highest common divisor of 166 and 415.
83
What is the highest common divisor of 90 and 126?
18
What is the highest common factor of 865 and 5?
5
What is the greatest common divisor of 13 and 17173?
13
Calculate the greatest common factor of 43 and 3999.
43
Calculate the highest common divisor of 1267 and 1991.
181
Calculate the highest common factor of 339 and 3.
3
What is the greatest common factor of 352 and 64?
32
Calculate the highest common factor of 301 and 49.
7
Calculate the highest common factor of 5 and 4.
1
What is the highest common factor of 81 and 18?
9
Calculate the greatest common factor of 12 and 618.
6
Calculate the highest common divisor of 513 and 38.
19
Calculate the greatest common factor of 125 and 24875.
125
What is the highest common factor of 3002 and 342?
38
What is the highest common divisor of 76 and 364?
4
Calculate the highest common divisor of 1971 and 54.
27
What is the highest common factor of 304 and 209?
19
Calculate the greatest common divisor of 162 and 6.
6
Calculate the greatest common divisor of 775 and 124.
31
Calculate the greatest common factor of 6120 and 30.
30
Calculate the greatest common divisor of 31857 and 21.
21
Calculate the greatest common divisor of 581 and 7.
7
What is the highest common divisor of 139 and 2?
1
Calculate the highest common factor of 20 and 23390.
10
What is the greatest common factor of 2496 and 32?
32
What is the highest common divisor of 1 and 141?
1
What is the greatest common factor of 551 and 38?
19
Calculate the highest common divisor of 186 and 18.
6
What is the highest common factor of 7266 and 42?
42
Calculate the highest common factor of 222 and 333.
111
Calculate the highest common factor of 12432 and 168.
168
Calculate the greatest common factor of 128 and 304.
16
What is the greatest common factor of 533 and 123?
41
Calculate the highest common factor of 31381 and 7.
7
What is the highest common divisor of 3 and 14907?
3
What is the highest common factor of 917 and 49?
7
What is the greatest common divisor of 855 and 90?
45
Calculate the highest common factor of 104 and 64.
8
Calculate the greatest common divisor of 871 and 3953.
67
Calculate the greatest common divisor of 130 and 156.
26
What is the greatest common divisor of 5690 and 10?
10
Calculate the greatest common factor of 197 and 6.
1
What is the greatest common divisor of 1092 and 224?
28
What is the highest common factor of 252 and 1974?
42
Calculate the greatest common factor of 70 and 126.
14
What is the greatest common factor of 18 and 153?
9
What is the greatest common factor of 2547 and 36?
9
What is the greatest common divisor of 11 and 1782?
11
Calculate the highest common divisor of 3 and 21.
3
Calculate the highest common divisor of 54 and 351.
27
Calculate the highest common divisor of 84 and 1134.
42
What is the greatest common factor of 612 and 1683?
153
What is the highest common factor of 89 and 712?
89
Calculate the highest common divisor of 120 and 15.
15
Calculate the highest common factor of 688 and 473.
43
Calculate the highest common divisor of 162 and 558.
18
What is the greatest common factor of 179 and 4?
1
What is the greatest common divisor of 69 and 437?
23
Calculate the greatest common factor of 14 and 385.
7
What is the greatest common divisor of 180 and 1780?
20
What is the highest common factor of 24 and 27?
3
Calculate the highest common divisor of 20 and 580.
20
Calculate the highest common divisor of 485 and 115.
5
Calculate the greatest common divisor of 81 and 351.
27
Calculate the highest common divisor of 4109 and 49.
7
Calculate the greatest common divisor of 420 and 540.
60
What is the highest common factor of 18048 and 94?
94
What is the greatest common factor of 1659 and 21?
21
Calculate the greatest common divisor of 760 and 96.
8
What is the highest common divisor of 188 and 32?
4
What is the highest common factor of 169 and 13?
13
Calculate the greatest common factor of 40 and 45.
5
What is the greatest common divisor of 18 and 138?
6
What is the highest common divisor of 7 and 763?
7
Calculate the highest common divisor of 2316 and 12.
12
Calculate the greatest common factor of 87720 and 344.
344
What is the greatest common factor of 42 and 819?
21
Calculate the greatest common divisor of 779 and 123.
41
Calculate the greatest common factor of 63925 and 25.
25
What is the greatest common factor of 364 and 13?
13
Calculate the highest common divisor of 200 and 24.
8
Calculate the greatest common factor of 75 and 45.
15
What is the highest common divisor of 15 and 6?
3
Calculate the greatest common divisor of 108 and 1809.
27
What is the highest common factor of 18 and 909?
9
Calculate the greatest common divisor of 248 and 93.
31
Calculate the highest common divisor of 58 and 16414.
58
What is the highest common factor of 418 and 646?
38
Calculate the greatest common divisor of 51 and 12.
3
What is the greatest common divisor of 22 and 99?
11
What is the greatest common factor of 95 and 15